+ -3?
22
In base 7, what is -4 + -1051?
-1055
In base 9, what is -2 + -8175?
-8177
In base 8, what is -10472 + 1?
-10471
In base 11, what is 4 - 207a?
-2076
In base 4, what is -3 - -3120?
3111
In base 14, what is 0 - -40?
40
In base 12, what is 1 + -10b?
-10a
In base 3, what is -120 + -1?
-121
In base 6, what is 1023 - 13?
1010
In base 2, what is 101000111000 + -101?
101000110011
In base 2, what is 0 + 11111101?
11111101
In base 16, what is -92 + e?
-84
In base 13, what is b - 222?
-214
In base 5, what is 20304 + -14?
20240
In base 13, what is 3 + 5?
8
In base 5, what is 0 + -1214?
-1214
In base 11, what is 1 - -13?
14
In base 13, what is -1 - -197?
196
In base 10, what is 782 - -2?
784
In base 15, what is -2 + b?
9
In base 13, what is -c11 + 0?
-c11
In base 16, what is -4c8 + 3?
-4c5
In base 16, what is -3be - 0?
-3be
In base 8, what is 65 + -4?
61
In base 11, what is -5 - 1?
-6
In base 2, what is 0 + -111?
-111
In base 15, what is -1 + 399?
398
In base 6, what is 3 - 14053?
-14050
In base 9, what is 2 + 127?
130
In base 7, what is -1 - 23206?
-23210
In base 11, what is 1 - -14a8?
14a9
In base 12, what is -1 - 189?
-18a
In base 10, what is 12 - -1068?
1080
In base 8, what is 425 + 0?
425
In base 3, what is -12202 + -21?
-20000
In base 8, what is 60 + 3?
63
In base 4, what is 102 - -100?
202
In base 12, what is 6 - -1?
7
In base 8, what is 133 + -33?
100
In base 11, what is -19 + -3?
-21
In base 6, what is 1 + -123?
-122
In base 12, what is -210 - -29?
-1a3
In base 14, what is -5 - -18c8?
18c3
In base 13, what is -169 + 4?
-165
In base 12, what is 10 - -30?
40
In base 15, what is c5 - 19?
ab
In base 10, what is 316 - 1?
315
In base 9, what is -365 + -4?
-370
In base 12, what is 42 - -23?
65
In base 16, what is -9 + 5?
-4
In base 15, what is 15 - -34?
49
In base 16, what is 223 + 3?
226
In base 5, what is 3232 - -1?
3233
In base 6, what is -4 - 11?
-15
In base 11, what is -2462 + 5?
-2458
In base 5, what is -1034 + -223?
-1312
In base 7, what is -62053 + -3?
-62056
In base 8, what is -4 - 727?
-733
In base 12, what is -4 + 2b?
27
In base 15, what is -5 + -13dc?
-13e2
In base 8, what is -10 - -67?
57
In base 10, what is 4 + -383?
-379
In base 11, what is 0 - 9a?
-9a
In base 15, what is 6c - -5?
72
In base 15, what is -5 - a7c?
-a82
In base 4, what is 1131 + 3?
1200
In base 16, what is -19 - c?
-25
In base 15, what is -21 + 1e?
-2
In base 4, what is 213 - -3011?
3230
In base 9, what is 1800 + -1?
1788
In base 3, what is 102002 - 1?
102001
In base 14, what is 2b7 - 4?
2b3
In base 2, what is 111100 + 10100?
1010000
In base 7, what is -36 + 11?
-25
In base 4, what is -3 - 1020?
-1023
In base 15, what is -109 - -4?
-105
In base 8, what is -4 - 41?
-45
In base 10, what is -1 - 226?
-227
In base 13, what is 4b2 - 5?
4aa
In base 5, what is -10303 + 2?
-10301
In base 13, what is -1083 + 4?
-107c
In base 4, what is 133 + 2?
201
In base 4, what is 202 + -333?
-131
In base 5, what is 10 + -200?
-140
In base 9, what is 5 - -2387?
2403
In base 8, what is 27 + 11?
40
In base 5, what is 13 + 3413?
3431
In base 3, what is -1010 + -100?
-1110
In base 15, what is 91 + -41?
50
In base 8, what is 435 - 1?
434
In base 11, what is 1 - 2a?
-29
In base 16, what is a - 2b?
-21
In base 10, what is 884 + 2?
886
In base 11, what is 30 + -9?
22
In base 14, what is a - 3?
7
In base 14, what is -1 - a2?
-a3
In base 8, what is 1624 + -10?
1614
In base 6, what is -5 - -10210?
10201
In base 13, what is 13 - 597?
-584
In base 2, what is 11 - -101110101101?
101110110000
In base 13, what is -1b4 - 3?
-1b7
In base 4, what is 2 - 23011?
-23003
In base 16, what is b - -12a?
135
In base 9, what is 16188 + -1?
16187
In base 11, what is -4 + -124?
-128
In base 12, what is 26 + 29a?
304
In base 15, what is 3 - -2e2?
2e5
In base 14, what is -3 + -65?
-68
In base 4, what is -11113 - 2?
-11121
In base 8, what is -1365 - 23?
-1410
In base 2, what is 0 + -10000010?
-10000010
In base 3, what is -20 - -1022200?
1022110
In base 5, what is 20 - -2013?
2033
In base 8, what is -57 - -2?
-55
In base 16, what is 9a1 - 0?
9a1
In base 11, what is -50 - -24?
-27
In base 11, what is -119 + -6?
-124
In base 11, what is 29 + -12?
17
In base 6, what is 244223 - 2?
244221
In base 15, what is 0 + 33?
33
In base 8, what is 17 - -140?
157
In base 7, what is 126 - 1?
125
In base 9, what is -11278 + -3?
-11282
In base 2, what is -11100 - -11001110?
10110010
In base 9, what is -48 - -2?
-46
In base 14, what is -20 + 17?
-7
In base 7, what is 226 + 10?
236
In base 5, what is -114 + 20?
-44
In base 13, what is -a - 31?
-3b
In base 5, what is -313 + 12?
-301
In base 2, what is 110111 - -1110?
1000101
In base 12, what is a23 - 1?
a22
In base 15, what is -2ee + 6?
-2e8
In base 2, what is 10101111 - -10?
10110001
In base 2, what is 10 - -10101011110?
10101100000
In base 7, what is 160 - -4?
164
In base 15, what is -1aab + 3?
-1aa8
In base 9, what is 28747 - 5?
28742
In base 13, what is 4 + -1497?
-1493
In base 14, what is a7 - 12?
95
In base 4, what is -11333013 + -2?
-11333021
In base 9, what is 5 - -4?
10
In base 7, what is -31 - -11?
-20
In base 16, what is -a - 51?
-5b
In base 6, what is 10 - 44?
-34
In base 2, what is 1011000 + -1000001?
10111
In base 4, what is 31 - 110?
-13
In base 14, what is -c - -3b?
2d
In base 2, what is 11001 + 111010000?
111101001
In base 2, what is -1000100 - 10000000?
-11000100
In base 16, what is a - 0?
a
In base 6, what is 214 - -3?
221
In base 5, what is -104104 + 3?
-104101
In base 3, what is 10111202 - -2?
10111211
In base 3, what is 20200 + 111?
21011
In base 4, what is -11300 - -1?
-11233
In base 6, what is 240 + -1?
235
In base 3, what is -11 - 12002?
-12020
In base 13, what is 5 - a82?
-a7a
In base 7, what is 1 - 263?
-262
In base 14, what is -8c1 - -6?
-8b9
In base 5, what is -114 + -114?
-233
In base 14, what is 1 - 46?
-45
In base 14, what is 4 + 4b?
51
In base 8, what is -36 + -12?
-50
In base 5, what is -4 - -42?
33
In base 8, what is -1731 - 4?
-1735
In base 5, what is -3 + 101?
43
In base 15, what is 1 + 1147?
1148
In base 4, what is 3200 - 1?
3133
In base 8, what is 31171 - -1?
31172
In base 5, what is 33 + 12?
100
In base 9, what is -1 - -60?
58
In base 9, what is -1222 - 2?
-1224
In base 15, what is 185 + 5?
18a
In base 8, what is -4 + 36?
32
In base 6, what is 40 - 214?
-134
In base 8, what is 306 + -17?
267
In base 11, what is -1444 - -4?
-1440
In base 9, what is 54 - 22?
32
In base 5, what is 213 - 2003?
-1240
In base 2, what is -10101100000100 - 0?
-10101100000100
In base 5, what is 4 - -4411?
4420
In base 8, what is 17 + 256?
275
In base 2, what is 100001000 + -1?
100000111
In base 15, what is -61 - -1?
-60
In base 10, what is -5 - 2283?
-2288
In base 7, what is 2425 - 0?
2425
In base 8, what is -7364 - -7?
-7355
In base 16, what is -494 - 2?
-496
In base 6, what is 2 + 1231?
1233
In base 15, what is 9 + -a?
-1
In base 11, what is -2 + 391?
38a
In base 14, what is -16 - -3b6?
3a0
In base 2, what is -101 + 111111?
111010
In base 7, what is -1 + 3152?
3151
In base 13, what is 8 - -1b?
26
In base 14, what is -6 + -22?
-28
In base 14, what is -34 - 4?
-38
In base 8, what is 4 - -276?
302
In base 5, what is -24130 - -4?
-24121
In base 13, what is -67 + -59?
-c3
In base 13, what is -39 - 33?
-6c
In base 7, what is 1 + 313?
314
In base 8, what is -61 + 12?
-47
In base 4, what is -33232 - -13?
-33213
In base 16, what is -163 + 2?
-161
In base 4, what is 30100 + -11?
30023
In base 5, what is 10 + -400?
-340
In base 5, what is -104 + -313?
-422
In base 10, what is -1256 - 11?
-1267
In base 5, what is 34144 - 3?
34141
In base 4, what is 12 - 12132?
-12120
In base 6, what is -11 + 250?
235
In base 16, what is 1e + 1d7?
1f5
In base 14, what is -4 - 633?
-637
In base 10, what is -31 - -1?
-30
In base 11, what is -3 - -a81?
a79
In base 8, what is 122 - 31?
71
In base 7, what is 30 + -134?
-104
In base 2, what is -10 + -11111?
-100001
In base 12, what is 24 + 1?
25
In base 7, what is -6 - -614?
605
In base 9, what is -2 - 268?
-271
In base 3, what is -1001202 - 0?
-1001202
In base 16, what is f + -16?
-7
In base 2, what is 1001010000001 - -100?
1001010000101
In base 6, what is -4 - -2?
-2
In base 8, what is -1 + -33?
-34
In base 5, what is -4 + 23?
14
In base 7, what is -1444 -